Calculate the remainder when 4582 is divided by 39.
19
What is the remainder when 6423 is divided by 34?
31
What is the remainder when 31285 is divided by 344?
325
Calculate the remainder when 3367 is divided by 1152.
1063
What is the remainder when 7044 is divided by 6969?
75
What is the remainder when 438737 is divided by 1448?
1441
What is the remainder when 8138 is divided by 76?
6
What is the remainder when 1986 is divided by 382?
76
What is the remainder when 936518 is divided by 423?
419
Calculate the remainder when 19406 is divided by 1608.
110
Calculate the remainder when 31592 is divided by 1055.
997
Calculate the remainder when 15627 is divided by 7788.
51
Calculate the remainder when 208962 is divided by 1194.
12
Calculate the remainder when 10090 is divided by 3361.
7
What is the remainder when 51675 is divided by 321?
315
Calculate the remainder when 4495 is divided by 204.
7
What is the remainder when 275633 is divided by 68877?
125
Calculate the remainder when 30126 is divided by 10033.
27
Calculate the remainder when 61232 is divided by 52.
28
What is the remainder when 1544 is divided by 257?
2
What is the remainder when 130201 is divided by 661?
645
Calculate the remainder when 135874 is divided by 25.
24
What is the remainder when 17156 is divided by 186?
44
What is the remainder when 5537 is divided by 6?
5
Calculate the remainder when 3359 is divided by 1534.
291
What is the remainder when 19790 is divided by 563?
85
What is the remainder when 246877 is divided by 124?
117
What is the remainder when 2083 is divided by 1246?
837
Calculate the remainder when 25409 is divided by 221.
215
What is the remainder when 536013 is divided by 76573?
2
Calculate the remainder when 14696 is divided by 6.
2
What is the remainder when 2940 is divided by 496?
460
What is the remainder when 133422 is divided by 74?
0
Calculate the remainder when 2677 is divided by 767.
376
Calculate the remainder when 12759 is divided by 397.
55
Calculate the remainder when 8451 is divided by 2745.
216
Calculate the remainder when 476278 is divided by 196.
194
What is the remainder when 2610 is divided by 1059?
492
What is the remainder when 25665 is divided by 503?
12
Calculate the remainder when 20069 is divided by 140.
49
What is the remainder when 27307 is divided by 51?
22
Calculate the remainder when 1171 is divided by 29.
11
Calculate the remainder when 857 is divided by 202.
49
What is the remainder when 364219 is divided by 1344?
1339
What is the remainder when 25883 is divided by 3569?
900
What is the remainder when 30815 is divided by 217?
1
Calculate the remainder when 10865 is divided by 19.
16
Calculate the remainder when 9604 is divided by 3194.
22
Calculate the remainder when 13095 is divided by 2.
1
Calculate the remainder when 6416 is divided by 3111.
194
What is the remainder when 29655 is divided by 44?
43
Calculate the remainder when 1107 is divided by 214.
37
What is the remainder when 96743 is divided by 696?
695
What is the remainder when 46641 is divided by 52?
49
What is the remainder when 51832 is divided by 1295?
32
Calculate the remainder when 7139 is divided by 38.
33
What is the remainder when 37130 is divided by 385?
170
What is the remainder when 9298 is divided by 25?
23
What is the remainder when 822942 is divided by 411462?
18
What is the remainder when 1340 is divided by 93?
38
Calculate the remainder when 42420 is divided by 133.
126
Calculate the remainder when 11419 is divided by 2281.
14
Calculate the remainder when 11808 is divided by 491.
24
Calculate the remainder when 444 is divided by 337.
107
Calculate the remainder when 3344 is divided by 3232.
112
What is the remainder when 2294 is divided by 19?
14
What is the remainder when 5772 is divided by 2882?
8
What is the remainder when 49822 is divided by 1779?
10
What is the remainder when 72126 is divided by 83?
82
What is the remainder when 883 is divided by 861?
22
Calculate the remainder when 17087 is divided by 300.
287
Calculate the remainder when 6591 is divided by 598.
13
Calculate the remainder when 63273 is divided by 17.
16
Calculate the remainder when 315018 is divided by 38.
36
Calculate the remainder when 603 is divided by 177.
72
What is the remainder when 5431 is divided by 68?
59
Calculate the remainder when 652771 is divided by 399.
7
What is the remainder when 6748 is divided by 420?
28
Calculate the remainder when 2236 is divided by 206.
176
What is the remainder when 69059 is divided by 223?
152
What is the remainder when 7161 is divided by 7134?
27
What is the remainder when 1878 is divided by 42?
30
Calculate the remainder when 333402 is divided by 68.
66
Calculate the remainder when 64045 is divided by 10673.
7
What is the remainder when 867700 is divided by 1451?
2
Calculate the remainder when 10099 is divided by 38.
29
What is the remainder when 4196773 is divided by 25?
23
Calculate the remainder when 2935 is divided by 430.
355
What is the remainder when 4829 is divided by 4765?
64
Calculate the remainder when 926 is divided by 407.
112
Calculate the remainder when 2446 is divided by 31.
28
What is the remainder when 4837 is divided by 2414?
9
What is the remainder when 192610 is divided by 33?
22
Calculate the remainder when 24355 is divided by 148.
83
What is the remainder when 785 is divided by 241?
62
Calculate the remainder when 17660 is divided by 8826.
8
Calculate the remainder when 305918 is divided by 28.
18
What is the remainder when 133948 is divided by 282?
280
Calculate the remainder when 3601 is divided by 456.
409
What is the remainder when 38961 is divided by 182?
13
What is the remainder when 334880 is divided by 116?
104
What is the remainder when 28418 is divided by 9471?
5
What is the remainder when 70475 is divided by 56?
27
Calculate the remainder when 63423 is divided by 920.
863
What is the remainder when 3467 is divided by 66?
35
What is the remainder when 28123 is divided by 6916?
459
Calculate the remainder when 325589 is divided by 7941.
8
What is the remainder when 72080 is divided by 606?
572
Calculate the remainder when 59942 is divided by 29925.
92
Calculate the remainder when 9340 is divided by 54.
52
Calculate the remainder when 2425 is divided by 46.
33
What is the remainder when 2225 is divided by 1108?
9
What is the remainder when 430761 is divided by 61537?
2
What is the remainder when 367 is divided by 139?
89
What is the remainder when 9021 is divided by 51?
45
Calculate the remainder when 4649 is divided by 4.
1
Calculate the remainder when 934 is divided by 436.
62
Calculate the remainder when 188502 is divided by 31416.
6
What is the remainder when 67564 is divided by 545?
529
Calculate the remainder when 8835 is divided by 2738.
621
What is the remainder when 1132 is divided by 62?
16
What is the remainder when 49438 is divided by 47?
41
Calculate the remainder when 2747 is divided by 1351.
45
What is the remainder when 17736 is divided by 29?
17
What is the remainder when 44231 is divided by 139?
29
Calculate the remainder when 22092 is divided by 418.
356
Calculate the remainder when 14756 is divided by 3656.
132
Calculate the remainder when 173381 is divided by 86680.
21
Calculate the remainder when 3403 is divided by 1649.
105
Calculate the remainder when 232037 is divided by 10.
7
What is the remainder when 124514 is divided by 1102?
1090
What is the remainder when 46786 is divided by 578?
546
What is the remainder when 2348 is divided by 163?
66
What is the remainder when 2761 is divided by 10?
1
What is the remainder when 2493 is divided by 52?
49
What is the remainder when 1039 is divided by 514?
11
Calculate the remainder when 80113 is divided by 19.
9
Calculate the remainder when 22900 is divided by 11.
9
Calculate the remainder when 30247 is divided by 629.
55
What is the remainder when 10318 is divided by 19?
1
What is the remainder when 5306 is divided by 687?
497
Calculate the remainder when 10524 is divided by 329.
325
What is the remainder when 1211 is divided by 205?
186
What is the remainder when 227285 is divided by 382?
377
What is the remainder when 1526 is divided by 1497?
29
Calculate the remainder when 131830 is divided by 15.
10
Calculate the remainder when 3514 